16)/s*(-2 - 8)?
6
Suppose 2*g - 6*g = -2308. What is the hundreds digit of g?
5
Let v = 341 + 285. What is the units digit of v?
6
Suppose k + 5*v - 453 = 0, -k - k = -5*v - 966. What is the hundreds digit of k?
4
Suppose 47150 = 10*u + 16740. What is the hundreds digit of u?
0
Let f(d) = -d + 10. Let g be f(-7). Let w = 40 - g. Let q = w + -18. What is the units digit of q?
5
Suppose 4*x + 88 = 8*x. Suppose 26*u + 72 = 2*u. Let v = x - u. What is the tens digit of v?
2
Let t = -21 - -78. Suppose 7*u - 8*u + t = 0. What is the units digit of u?
7
Let h be 2/(-8) + 116/16. Let v(q) = 10*q - 15. What is the tens digit of v(h)?
5
Let m(w) = -w + 5. Let p be m(3). Suppose -5*i + 26 = -3*o, 0 + 6 = 3*i - 5*o. Suppose q = -2*n + 26, n + 2*q - p = i*q. What is the units digit of n?
2
Let t(w) = w**3 - 7*w**2 + 14*w + 5. Let x be 1/(-5) - (-6 + (-4)/20). What is the units digit of t(x)?
3
Suppose -l - 2*y + 18 = 0, -7*y - 45 = -3*l - 10*y. Let f(c) = -c + 1. Let i(q) = 2*q - 4. Let d(b) = -f(b) + i(b). What is the units digit of d(l)?
1
Let b(c) = 27*c + 2. Let x be b(2). Suppose 0 = l - 4*g - x, 0*l = l - 5*g - 53. What is the tens digit of l?
6
Suppose 3*k - 4373 = -4*h + 2789, 3*k + 5*h = 7166. What is the tens digit of k?
8
Suppose 25*m - 20*m + h - 12816 = 0, -2*h = 8. What is the hundreds digit of m?
5
Suppose 4*x + 1464 = 28*x. Let y be (-3 - -1)*(-6)/4. Suppose y*w - 23 - x = 0. What is the tens digit of w?
2
Let n be ((-2)/3)/((-26)/273). What is the units digit of 1/n - (-26)/14?
2
What is the tens digit of (-29 - -32)*(-2308)/(-6)?
5
Let h be (-51)/(-34)*6*1. Let g be 1/(-3) - (-75)/h. Suppose 6*o = g*o - 102. What is the tens digit of o?
5
Suppose -3*x + 5184 = 6*x. Suppose -8*d + x = -120. What is the tens digit of d?
8
Suppose -11*c + 41 = 8. Let n(t) = 14*t**2 - 2*t - 6. What is the tens digit of n(c)?
1
Let w(j) = -2*j**3 + 7*j**2 + 3*j + 9. Let v be w(4). Suppose 0 = 6*c - 5*c - v*f - 4, -44 = -3*c - f. What is the units digit of c?
4
Let g(c) = 39*c**3 + c**2 + 3*c - 4. What is the units digit of g(3)?
7
Let r = 56 + 171. What is the tens digit of r?
2
Let x = -14 + 30. Let g = 79 - x. Suppose -v - g = -4*v. What is the units digit of v?
1
Let t(n) = -194*n - 1. Let b be t(-1). Let w = b + -101. Suppose -5*k + k + w = 0. What is the tens digit of k?
2
Suppose -4*p - 12 - 44 = 0. What is the tens digit of 2/(-4) + (-203)/p?
1
Let l(w) = -182*w - 1. Let m be l(-1). Suppose 4*q - m = 643. What is the units digit of q?
6
Suppose 0 = -5*f - 200 - 705. Let n = f - -257. What is the tens digit of n?
7
Suppose 7*f - 11*f + 2*l + 11590 = 0, 3*f - 8694 = 2*l. What is the tens digit of f?
9
Let n(q) = -5*q**3 - 17*q**2 - q - 24. What is the thousands digit of n(-9)?
2
What is the units digit of (3/1 - -43) + (2 - 5)?
3
Let u be (-4984)/20 + (-2)/(-10). Let p = -139 - u. Suppose -i = -4*z + p, 4*i = -0*i + 8. What is the units digit of z?
8
Let c = -81 + 1041. What is the hundreds digit of c?
9
Let o = -11 + 5. Let g(x) = -2*x**3 - 7*x**2 + x - 14. Let k be g(o). Suppose k = 5*y + 15. What is the tens digit of y?
2
Let t(l) = -47*l + 191. What is the tens digit of t(-20)?
3
Let c(f) be the second derivative of -f**3/2 - 3*f**2 - 3*f. Let i be c(-7). What is the tens digit of (120/(-25))/((-3)/i)?
2
What is the hundreds digit of 270*(9 + 54/(-12))?
2
Let j = 944 - 486. What is the tens digit of j?
5
Suppose -4*m - 2*o + 3484 = 0, -m + 2*o = -3*m + 1740. Suppose 0 = 4*b - i - 456 - 247, 5*b + i = m. What is the hundreds digit of b?
1
Let x(y) = -y**3 + 4*y**2 + 7*y - 5. Let l be x(5). Suppose 3*w = p + l*w - 36, 2*p = 3*w + 37. What is the units digit of p?
6
Let m(c) = -5*c + 273. Let g be m(51). Let d(q) = -2*q**2 - 20*q + 30. Let f(l) = l**2 + 19*l - 29. Let i(b) = -2*d(b) - 3*f(b). What is the tens digit of i(g)?
4
Let q(i) = 15*i**3 + 8*i**2 - 37*i. What is the units digit of q(3)?
6
What is the tens digit of (1 - 3521/3)*(35 + -38)?
1
Suppose 151*y = 26*y + 20500. What is the units digit of y?
4
Let a be 4 - 3 - (-2 - (-9 + -1)). Let m(c) = -5*c + 10. What is the tens digit of m(a)?
4
Suppose 8*w - 13*w + 4415 = 0. What is the units digit of w?
3
Let w(n) = n**2 - 9*n - 15. Let g be (-4)/6 + 336/18. What is the hundreds digit of w(g)?
1
Suppose 0 = 5*x + 15, 0 = 5*c - 4*c + 2*x - 1. Suppose -c*y + 95 = -6*y. What is the tens digit of y?
9
What is the hundreds digit of 1224/5 + 2/(-8 + 18)?
2
Suppose 5*c - 3*c = o, 3*o - c - 10 = 0. Suppose o*m + 9 = 5*m - 4*l, m + l - 9 = 0. What is the units digit of (-368)/(-36) + (-2)/m?
0
Suppose 5*n - 675 + 155 = 0. Let o = -64 + n. What is the units digit of o?
0
What is the tens digit of (-7 - -12) + (-16 - -1467)?
5
Suppose -7*a + 27*a = 21420. What is the thousands digit of a?
1
Let t(c) = 129*c - 90. What is the thousands digit of t(17)?
2
Let c(z) = 2*z**2 - 56*z + 148. What is the units digit of c(26)?
4
Suppose 0 = -k + 3*r - 9, -3*k + 3 + 0 = r. Suppose -d + 157 = 2*z, 2*d + 81 = z + 5*d. Suppose k = h - 7*h + z. What is the units digit of h?
3
What is the hundreds digit of 4694/12 + 3/(-2 + -16)?
3
Suppose -m - 114 = -4*m - n, -m + 38 = 3*n. Let i = m + -20. Suppose -h - 3*w + 28 = 2, -w = h - i. What is the tens digit of h?
1
Suppose -5*x - s + 4*s = -280, -5 = -s. What is the units digit of (2 - -2) + x + 4?
7
Let c be (-2)/(-5) - (1602/5)/6. Let v = c - -136. What is the units digit of v?
3
What is the units digit of -993*(-112)/180 - 6/(-45)?
8
Let d(s) = 3*s**2 + 10*s - 12. Let q(j) = -2*j**2 + 13*j - 13. Let g be q(6). What is the units digit of d(g)?
5
Let p = 606 + -72. What is the units digit of p?
4
Suppose -1047 = -2*y - 3*w - 2*w, 1 = w. What is the units digit of y?
1
Let w = -6 + 9. Suppose -5*r + 25 = 4*s, -w*r + 6*r - 5*s - 15 = 0. Suppose 0 = -5*o + r*b + 127 - 27, 2*o - 22 = -4*b. What is the tens digit of o?
1
Suppose -3*s - 92 = -5*s. What is the tens digit of 1 + s + (14 - 13)?
4
Let s = -1593 + 1683. What is the tens digit of s?
9
Let o(p) = p**3 + 26*p**2 - 14*p + 58. What is the thousands digit of o(-21)?
2
Suppose 0 = -3*m + 4*a + 79, m - 2*m + 3*a = -28. Suppose -3*x - 5*i = -52, -2*x + i + 26 = -0*i. Let v = m - x. What is the units digit of v?
1
Let q(n) = 9*n**2 - 7*n + 4. What is the tens digit of q(7)?
9
What is the units digit of 264*6/3*1?
8
Let x = -754 - -1239. What is the units digit of x?
5
Let g(u) = u**3 + 18*u**2 + 2*u + 2. What is the hundreds digit of g(-17)?
2
Let f(g) = -113*g - 2. Let q = 87 + -88. What is the hundreds digit of f(q)?
1
Let w = 1352 + -911. What is the units digit of w?
1
Let r be 10/(1*3/(-18)). Let t be 5*-1*6216/r. Suppose -11*c = -4*c - t. What is the tens digit of c?
7
Suppose 3*q = 18 + 78. Let l = q + 36. What is the units digit of l?
8
What is the hundreds digit of 52/(-13) + 6189/3?
0
Suppose 13*o - 9*o - 5*i - 13719 = 0, 2*i - 3446 = -o. What is the units digit of o?
6
Let h(w) = -w**3 + 14*w**2 + 15*w + 3. Let n be h(15). Suppose -p + 6*p = 25, 0 = -n*m + 5*p + 302. What is the tens digit of m?
0
Let w(b) = -3*b**3 + 2*b - 4. Let p(t) = t**2 - 9*t + 14. Let u be p(6). Let o(r) = r**3 + 3*r**2 - 3*r + 1. Let j be o(u). What is the tens digit of w(j)?
7
Suppose -2*r = -5*j + 2275, -3*j + 5*r = 10*r - 1334. What is the hundreds digit of j?
4
Suppose 3*k = -4*q + 5309, -5*k + 5315 = -7*q + 11*q. What is the tens digit of q?
2
Suppose -6090 = -7*g + 1330. What is the units digit of g?
0
Suppose -v + 1 = -0. Let s be -1*v - (-8 + 9). Let b = 26 - s. What is the units digit of b?
8
Suppose h - w = -0*w + 3, 5*h - 2*w - 18 = 0. Suppose h*a = -a + 30. Suppose -q = q - a. What is the units digit of q?
3
Suppose -9080 = -6*i + 11*i. Let h be (-26)/(-169) - i/26. Suppose -h = -2*n - 4*w, -4*n + 153 = -6*w + w. What is the units digit of n?
7
Suppose 2*n = -15*g + 12*g + 603, 5*n = 4*g - 827. What is the units digit of g?
3
Suppose n + 1133 = 2*g + 6*n, 0 = g + 2*n - 566. What is the hundreds digit of g?
5
Suppose 6*i - 11 = i - 4*m, m - 5 = -2*i. Let o be -2*((-2)/2)/(-1). Let l = i - o. What is the units digit of l?
5
Let i = -578 + 1392. What is the tens digit of i?
1
Suppose -3*u = -12*m + 7*m + 2677, -5*u - 2152 = -4*m. What is the hundreds digit of m?
5
Suppose -2*r + 5*b = 5269 - 12992, 2*b = -3*r + 11575. What is the thous